 7, 389
What are the prime factors of 68366?
2, 34183
What are the prime factors of 8977?
47, 191
List the prime factors of 307.
307
What are the prime factors of 6688?
2, 11, 19
What are the prime factors of 188?
2, 47
What are the prime factors of 4787?
4787
List the prime factors of 28385.
5, 7, 811
What are the prime factors of 4006?
2, 2003
List the prime factors of 1194.
2, 3, 199
List the prime factors of 1347.
3, 449
What are the prime factors of 11523?
3, 23, 167
List the prime factors of 5137.
11, 467
List the prime factors of 10375.
5, 83
List the prime factors of 30783.
3, 31, 331
List the prime factors of 10325.
5, 7, 59
What are the prime factors of 73826?
2, 36913
List the prime factors of 6358.
2, 11, 17
What are the prime factors of 18100?
2, 5, 181
What are the prime factors of 5187?
3, 7, 13, 19
What are the prime factors of 7533?
3, 31
What are the prime factors of 430?
2, 5, 43
What are the prime factors of 44605?
5, 11, 811
List the prime factors of 2365.
5, 11, 43
What are the prime factors of 292?
2, 73
What are the prime factors of 5076?
2, 3, 47
What are the prime factors of 7169?
67, 107
List the prime factors of 661.
661
What are the prime factors of 712?
2, 89
List the prime factors of 1036.
2, 7, 37
What are the prime factors of 32490?
2, 3, 5, 19
List the prime factors of 1057.
7, 151
List the prime factors of 398.
2, 199
What are the prime factors of 10198?
2, 5099
List the prime factors of 64090.
2, 5, 13, 17, 29
List the prime factors of 5902.
2, 13, 227
What are the prime factors of 94587?
3, 41, 769
What are the prime factors of 2062?
2, 1031
What are the prime factors of 52439?
41, 1279
What are the prime factors of 23581?
23581
What are the prime factors of 2978?
2, 1489
What are the prime factors of 2237?
2237
List the prime factors of 1266.
2, 3, 211
List the prime factors of 534.
2, 3, 89
List the prime factors of 4546.
2, 2273
List the prime factors of 46429.
29, 1601
List the prime factors of 2867.
47, 61
What are the prime factors of 92020?
2, 5, 43, 107
What are the prime factors of 7466?
2, 3733
What are the prime factors of 1338?
2, 3, 223
What are the prime factors of 2389?
2389
List the prime factors of 51713.
51713
List the prime factors of 1588.
2, 397
What are the prime factors of 1180?
2, 5, 59
What are the prime factors of 913?
11, 83
What are the prime factors of 9080?
2, 5, 227
List the prime factors of 380.
2, 5, 19
What are the prime factors of 2636?
2, 659
List the prime factors of 17.
17
What are the prime factors of 63991?
89, 719
List the prime factors of 11743.
11743
What are the prime factors of 260?
2, 5, 13
List the prime factors of 2498.
2, 1249
What are the prime factors of 1104?
2, 3, 23
What are the prime factors of 6306?
2, 3, 1051
List the prime factors of 8797.
19, 463
List the prime factors of 1374.
2, 3, 229
List the prime factors of 1606.
2, 11, 73
What are the prime factors of 100058?
2, 7, 1021
What are the prime factors of 462?
2, 3, 7, 11
What are the prime factors of 1140?
2, 3, 5, 19
List the prime factors of 175540.
2, 5, 67, 131
What are the prime factors of 114558?
2, 3, 61, 313
What are the prime factors of 4212?
2, 3, 13
What are the prime factors of 68045?
5, 31, 439
What are the prime factors of 1882?
2, 941
List the prime factors of 822.
2, 3, 137
What are the prime factors of 7779?
3, 2593
List the prime factors of 6697.
37, 181
What are the prime factors of 11801?
11801
What are the prime factors of 23064?
2, 3, 31
List the prime factors of 108195.
3, 5, 7213
List the prime factors of 681.
3, 227
What are the prime factors of 43662?
2, 3, 19, 383
What are the prime factors of 1954?
2, 977
List the prime factors of 120485.
5, 24097
List the prime factors of 1341.
3, 149
What are the prime factors of 131179?
233, 563
List the prime factors of 9963.
3, 41
List the prime factors of 51850.
2, 5, 17, 61
List the prime factors of 18257.
18257
What are the prime factors of 751?
751
What are the prime factors of 6005?
5, 1201
What are the prime factors of 963?
3, 107
What are the prime factors of 1533?
3, 7, 73
What are the prime factors of 1463?
7, 11, 19
List the prime factors of 968.
2, 11
What are the prime factors of 18?
2, 3
List the prime factors of 1097.
1097
List the prime factors of 1289.
1289
What are the prime factors of 4016?
2, 251
List the prime factors of 2163.
3, 7, 103
What are the prime factors of 17719?
13, 29, 47
List the prime factors of 6035.
5, 17, 71
List the prime factors of 14563.
14563
What are the prime factors of 2428?
2, 607
List the prime factors of 18783.
3, 2087
What are the prime factors of 13424?
2, 839
List the prime factors of 7149.
3, 2383
List the prime factors of 37409.
37409
What are the prime factors of 558?
2, 3, 31
What are the prime factors of 165?
3, 5, 11
What are the prime factors of 2129?
2129
List the prime factors of 118964.
2, 29741
List the prime factors of 279.
3, 31
List the prime factors of 9301.
71, 131
What are the prime factors of 1005?
3, 5, 67
What are the prime factors of 28070?
2, 5, 7, 401
What are the prime factors of 56710?
2, 5, 53, 107
What are the prime factors of 1845?
3, 5, 41
List the prime factors of 882.
2, 3, 7
What are the prime factors of 4572?
2, 3, 127
What are the prime factors of 14646?
2, 3, 2441
List the prime factors of 7160.
2, 5, 179
What are the prime factors of 460?
2, 5, 23
List the prime factors of 1682.
2, 29
What are the prime factors of 2727?
3, 101
What are the prime factors of 68015?
5, 61, 223
List the prime factors of 40730.
2, 5, 4073
What are the prime factors of 24178?
2, 7, 11, 157
What are the prime factors of 29393?
7, 13, 17, 19
What are the prime factors of 57684?
2, 3, 11, 19, 23
What are the prime factors of 2073?
3, 691
What are the prime factors of 5356?
2, 13, 103
What are the prime factors of 21626?
2, 11, 983
List the prime factors of 13991.
17, 823
List the prime factors of 2192.
2, 137
What are the prime factors of 103915?
5, 7, 2969
List the prime factors of 786.
2, 3, 131
What are the prime factors of 2033?
19, 107
What are the prime factors of 18042?
2, 3, 31, 97
What are the prime factors of 592?
2, 37
What are the prime factors of 8068?
2, 2017
What are the prime factors of 666?
2, 3, 37
What are the prime factors of 1331?
11
What are the prime factors of 493?
17, 29
List the prime factors of 932.
2, 233
List the prime factors of 32088.
2, 3, 7, 191
What are the prime factors of 1217?
1217
What are the prime factors of 62767?
23, 2729
List the prime factors of 19081.
19081
What are the prime factors of 820?
2, 5, 41
List the prime factors of 52689.
3, 7, 13, 193
List the prime factors of 990.
2, 3, 5, 11
What are the prime factors of 356?
2, 89
What are the prime factors of 68396?
2, 17099
List the prime factors of 12888.
2, 3, 179
List the prime factors of 53351.
31, 1721
List the prime factors of 1740.
2, 3, 5, 29
What are the prime factors of 2464?
2, 7, 11
List the prime factors of 159904.
2, 19, 263
List the prime factors of 4388.
2, 1097
List the prime factors of 10054.
2, 11, 457
List the prime factors of 8195.
5, 11, 149
What are the prime factors of 12044?
2, 3011
List the prime factors of 12450.
2, 3, 5, 83
List the prime factors of 4615.
5, 13, 71
List the prime factors of 2940.
2, 3, 5, 7
List the prime factors of 720.
2, 3, 5
What are the prime factors of 169?
13
List the prime factors of 125.
5
What are the prime factors of 102526?
2, 51263
List the prime factors of 1707.
3, 569
List the prime factors of 310.
2, 5, 31
What are the prime factors of 35?
5, 7
List the prime factors of 5741.
5741
List the prime factors of 1652.
2, 7, 59
What are the prime factors of 1061?
1061
What are the prime factors of 12498?
2, 3, 2083
What are the prime factors of 94058?
2, 131, 359
What are the prime factors of 879?
3, 293
What are the prime factors of 1605?
3, 5, 107
What are the prime factors of 364?
2, 7, 13
List the prime factors of 3670.
2, 5, 367
What are the prime factors of 43179?
3, 37, 389
What are the prime factors of 3001?
3001
List the prime factors of 38806.
2, 19403
What are the prime factors of 324?
2, 3
What are the prime factors of 4226?
2, 2113
What are the prime factors of 75110?
2, 5, 7, 29, 37
What are the prime facto